 -6. Suppose 2*t - 16 = t + o*h, h - 16 = -3*t. What is the tens digit of t/14 + 109/7?
1
What is the hundreds digit of (-6)/(-13) + (-61426)/(-26)?
3
Let j(o) be the first derivative of o**4/2 - 3*o**2/2 + 2*o + 1. Let c be j(2). Suppose s = c + 6. What is the tens digit of s?
1
Suppose -26 - 158 = -2*g. Let x = -45 + g. What is the tens digit of x?
4
Suppose 0 = 3*g - 2*c + 46 + 21, 0 = 5*c + 20. Let y = g + 59. What is the tens digit of y*3*2/12?
1
Suppose -28 = -2*o + 4*k, -3*o + 4*k + 10 + 24 = 0. Suppose 94 = -4*x + o*x. What is the tens digit of x?
4
Let z be (-40)/(-24) - 4/6. What is the tens digit of z/5 - 269/(-5)?
5
Let r(n) = 7*n**3 - 2*n - 1. Let q be r(-1). Let z = q - -7. What is the units digit of z?
1
Let k(w) be the third derivative of w**5/30 + 11*w**4/24 - 5*w**3/6 + 7*w**2. What is the tens digit of k(-10)?
8
Let t(z) = z**2 + 4*z + 11. Let g be t(9). Suppose -f - f = -g. What is the tens digit of f?
6
Let i(z) = 0*z**2 - 6 + 2 - 4*z + 5*z**2 - 3*z**2. Let a be i(-5). Suppose -u + 3*u = a. What is the units digit of u?
3
Let r = 163 + -146. Suppose -r*i = -19*i + 126. What is the tens digit of i?
6
Let p = -152 + 406. What is the hundreds digit of p?
2
Let t = 19 + -31. Let v(s) = s + 12. Let h be v(t). Suppose l + 2*n - 12 = h, 5*l + 2*n = -3*n + 85. What is the units digit of l?
2
Suppose 0 = 2*k - 21 - 5. Suppose 2*r - k = -3*m + 3*r, -m + r + 5 = 0. Suppose -35 = -m*c + 37. What is the units digit of c?
8
Suppose z + 0 = 4. Suppose -4*k = u - 21, k + 11 = -z*u + 4*k. What is the units digit of 0 + 31 - (1 + u)?
9
Suppose 0 = -7*i - 11*i + 26262. What is the units digit of i?
9
Let b(q) = q + 12. Let m be b(-24). Let f(g) = -5*g + 35. What is the tens digit of f(m)?
9
Suppose -26 = 8*b + 86. Let f(c) = -c**2 - 13*c + 30. What is the tens digit of f(b)?
1
Let r be -2 + (8/6)/((-2)/6). What is the units digit of r*4/(-12) + 165?
7
Suppose 2 = -2*n, -4*o + 10*n - 8*n + 7062 = 0. What is the hundreds digit of o?
7
Let a = 636 + -447. What is the tens digit of a?
8
Let g = 330 - -22. What is the units digit of g?
2
Suppose 37*i = 40*i - 24. Suppose i + 32 = 4*y. What is the units digit of y?
0
Let s = 9 + -3. Let t = 9 - s. Suppose 4*m - t + 21 = -2*j, 5*m + 27 = 2*j. What is the units digit of j?
1
Let c(j) = 2*j**2 + 13*j - 22. What is the units digit of c(-14)?
8
What is the tens digit of 203172/102 - (-2 + 160/85)?
9
Let w be (-40)/(-15)*45/(-12). Let n be 0 + w*2/(-4). Let u(l) = -l + 6. What is the units digit of u(n)?
1
Let r = -2 + 11. Let d(t) = -2 - 6*t + 3 - r*t. What is the tens digit of d(-1)?
1
Suppose -8*n - 1400 = -15*n. What is the hundreds digit of n?
2
What is the tens digit of 14805/175*(-10)/(-6)?
4
What is the hundreds digit of 44/(-33)*9*(-3644)/8?
4
Let g(p) = 5*p - 17. Let u be g(6). Let i = u - 10. What is the units digit of i?
3
Let p(n) = -4*n**2 + 11*n - 3. Let z be p(2). Suppose -2*c - 4 + 46 = -2*f, c = -z*f + 13. What is the tens digit of c?
1
Let x(i) = i**2 - 5*i - 19. Let b be x(8). Suppose -15 = -s + 4*s, 3*f - 223 = b*s. Suppose y - 4*l - 98 = -2*y, -2*y + 2*l = -f. What is the tens digit of y?
3
Let a = 1839 + -1251. What is the hundreds digit of a?
5
Let w(z) = -350*z + 14. What is the units digit of w(-3)?
4
Let k(z) be the third derivative of -z**4/24 + 19*z**3/6 + 358*z**2. Let i(v) = v**3 - v**2 + v + 5. Let b be i(0). What is the tens digit of k(b)?
1
Let m(h) = -h + 4 - 18*h + 1. Let t be m(-3). Suppose 4*g + 10 = t. What is the units digit of g?
3
Suppose -3 - 3 = -3*b. Let v(p) = p**3 + 15*p**2 - 17*p - 9. Let m be v(-16). Suppose m*h = b*h + 20. What is the units digit of h?
4
Let s = -9 + 11. Suppose 19 = s*t - 3*t - 3*z, 3*z = -2*t - 47. Let b = t + 57. What is the tens digit of b?
2
Let x(j) = 20*j + 35. Let z(i) = 7*i + 12. Let n(k) = -4*x(k) + 11*z(k). Let h be n(-4). Let a = h - -11. What is the units digit of a?
5
Suppose 0 = q - 5*w - 2, 5*w - 2*w - 6 = -3*q. Suppose -6*r = -q*r - 288. What is the units digit of r?
2
Let a be 1*2 + (4 - -1) + 61. Suppose a = r - 31. What is the units digit of r?
9
Let r = -8792 + 12349. What is the units digit of r?
7
Let b = -13 - -10. Let d(r) = 4*r**2 - 3*r + 2. What is the tens digit of d(b)?
4
What is the thousands digit of 2*499 + 2/((-18)/(-27))?
1
Let g(k) = -5 + 9*k + k**2 + 8 + 4. Let q be g(-8). What is the tens digit of (16 - 0) + q - -1?
1
Let t = 187 - 88. Suppose t = 5*m + 24. What is the units digit of m?
5
Suppose 0 = -4*l - 2 + 18. Suppose -c = l - 0. Let a(u) = -8*u + 3. What is the tens digit of a(c)?
3
Let j(g) = -g**2 - 17*g - 9. What is the tens digit of j(-9)?
6
Let a = 4 + -2. Suppose -37 = -a*r + 65. Let j = r + -31. What is the tens digit of j?
2
Let g = 1898 - -1791. What is the hundreds digit of g?
6
Let n(y) be the third derivative of 2*y**2 - 13/6*y**3 + 0 + 5/24*y**4 + 0*y. What is the units digit of n(9)?
2
Let o(n) be the second derivative of n**4/12 - n**3 + 5*n**2/2 + n. Let m be o(5). What is the units digit of 13 - 5 - (m - 1)?
9
What is the units digit of ((-1944)/(-14))/3 + (-2)/7?
6
Suppose 5*t - 5 = -5*r, -4*r + 3*t = -r + 15. Let m(p) = -19*p**3 + 2*p**2 + p. What is the tens digit of m(r)?
5
Suppose 9*n - 6*n = -606. Let t = 334 + n. What is the units digit of t?
2
What is the units digit of 3695/6 - (-60)/(-72)?
5
What is the hundreds digit of ((-1)/(-2))/((-4)/(-1448))?
1
Suppose -a - 224 = 2*r, 0 = -5*a + 5*r - 830 - 320. Let i(h) = -h + 8. Let m be i(5). What is the units digit of (m/9)/((-2)/a)?
8
Let f(y) = y**3 + 17*y**2 - y - 15. Let o be f(-17). Suppose 30 = o*w - 12. What is the units digit of w?
1
Suppose 5*j = 4*d - 2767, -30*d + 27*d = 3*j - 2082. What is the hundreds digit of d?
6
Suppose 32*i - 5 = 37*i. What is the units digit of (-19 - -18)/(i/149)?
9
Let m(a) = -13*a - 6. Let i be m(-7). Let s = i - -13. What is the units digit of s?
8
Let h(s) = 3*s + 2. Let u be h(-4). Let p = u - -28. Let l = -7 + p. What is the units digit of l?
1
Let a(l) = -3*l**3 + 3*l**2 - 4*l + 6. What is the units digit of a(-5)?
6
Suppose -129 - 67 = 2*c. Let k = c - -122. What is the units digit of k?
4
Let r be 2 - 16/4 - 11. Let d(k) = 2*k - 21. Let f be d(20). Let s = f + r. What is the units digit of s?
6
Suppose l + 5*z = 152, -l + 2*l - 156 = -4*z. Let a be (-20)/(-6) + (-6)/(-9). Suppose 3*h + h - a*r = l, -185 = -5*h - 5*r. What is the tens digit of h?
4
Let k = 4950 - 3465. What is the thousands digit of k?
1
Let j(p) = -298*p - 46. What is the tens digit of j(-2)?
5
Let i = -31 + 31. Let z be -3 - (2 - i - 221). Suppose 10*r = 4*r + z. What is the units digit of r?
6
Let g(n) = -n + 1. Let l be g(6). Let j = l - -11. Suppose -209 = -j*w - 77. What is the units digit of w?
2
Let g(a) = -a**3 - 9*a**2 - 24*a - 2. What is the units digit of g(-10)?
8
What is the units digit of -4 - 2*(-97)/2?
3
Let c(m) be the second derivative of -3*m + 2/3*m**3 + 0 + 5*m**2. What is the tens digit of c(4)?
2
Suppose -9 = -2*g + 11. Let h(u) = u**3 - 8*u**2 + 12*u + 3. Let z be h(6). Suppose -i - g = -z*i. What is the units digit of i?
5
What is the thousands digit of ((-179)/2 - 1)*(-4830)/115?
3
Let d be -2 - -3*(-112)/(-12). Let i(g) = -g - 3. Let y be i(-7). Suppose -y*u = -3*u - d. What is the tens digit of u?
2
Suppose -5*j + 18*a = 14*a - 3991, -3967 = -5*j - 2*a. What is the hundreds digit of j?
7
Suppose 119 = 5*t - 3*c + 34, 3*t - 2*c - 50 = 0. Let i = 159 - t. What is the hundreds digit of i?
1
Let w be 66/(-15) + (-2)/(-5). Suppose 2 = -3*v + 3*h + 35, v - 35 = -5*h. Let q = w + v. What is the tens digit of q?
1
Let y(v) be the third derivative of -v**4/8 + 7*v**2. Let w be y(-2). Suppose -b + 56 = 4*x - w*b, 0 = 2*x - b - 28. What is the units digit of x?
4
Let f = -4 + 7. Suppose 4 = 2*j - 6, 3*a = -f*j + 84. What is the units digit of a?
3
Suppose -4*f + 2680 = -3*l, 5*f = 10*f - 5*l - 3350. What is the tens digit of f?
7
Let d(g) = 13*g. Suppose 0 = -3*m - 2*m + 2*p, 0 = 3*m - 4*p + 14. Let c be (-3 - (-28)/8)*m. What is the units digit of d(c)?
3
Let l(t) = 8*t**3 - 11*t**2 + 20*t - 3. What is the hundreds digit of l(5)?
8
Let f(z) = z**2 - 4*z + 2. Suppose 0 = -u - 4*u - 25, 4*u = 3*t - 41. Let o be f(t). Suppose -17 = -g + 4*l, o + 7 = 2*g - 4*l. What is the tens digit of g?
1
Let 